 base 12?
-633
Convert 222100 (base 3) to base 5.
10321
11102120 (base 3) to base 13
1614
What is 2002001200 (base 3) in base 8?
117645
371 (base 10) to base 7
1040
Convert 1c86 (base 14) to base 10.
5214
-8 (base 12) to base 14
-8
-1301231 (base 4) to base 6
-53405
Convert -21100211 (base 3) to base 12.
-3134
-2978 (base 11) to base 15
-120b
What is -15204 (base 7) in base 12?
-2536
Convert 1100240 (base 5) to base 13.
8749
What is 444 (base 10) in base 12?
310
What is -143214 (base 5) in base 4?
-1132223
1211112002 (base 3) to base 11
2513a
234400 (base 5) to base 4
2020111
What is 1000230 (base 4) in base 2?
1000000101100
Convert 224450 (base 6) to base 9.
28273
What is a1 (base 12) in base 7?
232
Convert -72101 (base 9) to base 8.
-134553
24cd (base 14) to base 15
1da3
What is -598 (base 10) in base 8?
-1126
Convert 46128 (base 10) to base 8.
132060
What is -6ae4 (base 15) in base 12?
-1118a
Convert 136 (base 8) to base 13.
73
What is -2210 (base 5) in base 15?
-155
What is -5 (base 13) in base 15?
-5
What is 2477 (base 16) in base 11?
7017
What is 42cd (base 16) in base 13?
7a26
Convert -342 (base 6) to base 7.
-251
15e (base 15) to base 16
13a
Convert -112020101 (base 3) to base 2.
-10100010001010
-576 (base 13) to base 16
-3ae
-1b036 (base 12) to base 7
-223665
4ab (base 12) to base 7
2030
-43113 (base 5) to base 2
-101101011100
2443 (base 7) to base 9
1224
Convert -2162 (base 8) to base 2.
-10001110010
Convert -408c (base 16) to base 11.
-11462
Convert -13043 (base 8) to base 12.
-3343
What is -62b7 (base 13) in base 4?
-3111212
-21564 (base 9) to base 5
-424224
What is 12b (base 15) in base 6?
1122
Convert -3229 (base 12) to base 6.
-41253
What is -401601 (base 7) in base 8?
-204432
-4033 (base 6) to base 15
-3e0
31 (base 11) to base 10
34
Convert 121112 (base 3) to base 10.
446
What is 1143 (base 6) in base 3?
101100
Convert -605 (base 13) to base 16.
-3fb
Convert -13142 (base 6) to base 2.
-11111010110
What is -a66 (base 15) in base 8?
-4452
-243432 (base 5) to base 8
-22032
Convert -233 (base 6) to base 2.
-1011101
Convert -688 (base 11) to base 12.
-586
What is 5201 (base 11) in base 3?
100110111
What is 32534 (base 8) in base 15?
40aa
Convert -498 (base 10) to base 7.
-1311
What is 50d8 (base 16) in base 3?
1001101112
Convert 878 (base 13) to base 15.
66b
Convert -3760 (base 8) to base 16.
-7f0
Convert -180 (base 16) to base 5.
-3014
What is 121551 (base 6) in base 7?
43321
-1bb5 (base 13) to base 10
-4204
Convert -386 (base 14) to base 11.
-592
1010100011010 (base 2) to base 15
1902
Convert 3546 (base 7) to base 11.
a8a
Convert -1011221202 (base 3) to base 7.
-124625
What is 1153 (base 6) in base 8?
435
What is -152056 (base 8) in base 11?
-378a0
Convert 24ad (base 16) to base 5.
300024
-1033 (base 7) to base 16
-16f
Convert 213333 (base 4) to base 16.
9ff
What is -100010210 (base 3) in base 14?
-25dd
-615 (base 7) to base 2
-100110010
What is 3215 (base 9) in base 7?
6614
Convert 120354 (base 7) to base 14.
7d2b
-45b6 (base 16) to base 5
-1032341
-4b3 (base 12) to base 5
-10321
What is 22551 (base 6) in base 16?
ca3
-64311 (base 9) to base 6
-524531
-12718 (base 9) to base 3
-102210122
What is -20032 (base 5) in base 12?
-897
What is -941b (base 12) in base 7?
-65042
What is -3719 (base 10) in base 12?
-219b
975 (base 11) to base 7
3262
Convert -10012112211 (base 3) to base 12.
-3061a
What is -10424 (base 8) in base 5?
-114442
Convert -3141 (base 6) to base 2.
-1011000101
What is -10ab5 (base 12) in base 14?
-81bb
Convert -1022131 (base 4) to base 8.
-11235
What is -1413 (base 8) in base 2?
-1100001011
-23311 (base 4) to base 6
-3301
18840 (base 9) to base 16
3315
-87a6 (base 11) to base 16
-2d5b
What is -2b0 (base 15) in base 11?
-50a
What is -12001111 (base 3) in base 10?
-3685
What is -10000200211 (base 3) in base 2?
-1110100010100101
7010 (base 8) to base 15
10e7
-1480 (base 9) to base 16
-465
-1765 (base 9) to base 12
-94b
Convert 1105 (base 12) to base 3.
2120112
-1101010010000001 (base 2) to base 6
-1055505
What is 1866 (base 9) in base 13?
867
What is -151 (base 6) in base 11?
-61
What is -2918 (base 11) in base 7?
-13664
Convert 2539 (base 10) to base 7.
10255
Convert 247 (base 16) to base 9.
717
What is -88a (base 14) in base 6?
-11454
-35442 (base 7) to base 3
-110112200
51c (base 15) to base 9
1520
What is -10cc (base 14) in base 9?
-4008
Convert 41b6 (base 12) to base 13.
3375
Convert 48 (base 14) to base 7.
121
-35372 (base 9) to base 16
-5c54
-5221 (base 7) to base 12
-1084
What is -1410 (base 13) in base 15?
-cc6
10010 (base 3) to base 12
70
What is -477 (base 15) in base 3?
-1101111
Convert 2049 (base 12) to base 4.
312321
Convert 6450 (base 14) to base 9.
25672
Convert 10110011110 (base 2) to base 11.
1098
-10142 (base 6) to base 12
-952
What is -1066 (base 9) in base 14?
-405
-25b6 (base 14) to base 11
-4a86
What is 76a (base 13) in base 14?
66b
What is 12022032 (base 4) in base 8?
61216
What is -221214 (base 6) in base 5?
-1042232
What is 5013 (base 11) in base 13?
3060
Convert 11010110 (base 2) to base 16.
d6
What is -12320320 (base 4) in base 2?
-110111000111000
41023 (base 8) to base 16
4213
What is 100111011 (base 2) in base 6?
1243
4a1 (base 13) to base 11
674
-12558 (base 10) to base 7
-51420
Convert -6016 (base 7) to base 9.
-2751
-2112022 (base 3) to base 5
-24334
1e6 (base 16) to base 4
13212
Convert -1365 (base 10) to base 16.
-555
Convert -2313010 (base 4) to base 14.
-43ac
-1585 (base 16) to base 3
-21120001
269 (base 12) to base 5
2434
-1124 (base 6) to base 7
-532
What is -1047 (base 15) in base 8?
-6562
What is -361b (base 12) in base 13?
-29c0
-93 (base 16) to base 10
-147
Convert 220225 (base 6) to base 12.
a675
What is -4004 (base 5) in base 7?
-1320
-4221 (base 15) to base 2
-11011010011101
What is -6723 (base 8) in base 13?
-17c3
647 (base 10) to base 2
1010000111
Convert 6b7 (base 14) to base 2.
10100111001
What is -10a06 (base 11) in base 8?
-36761
What is 550 (base 9) in base 4?
13002
Convert -2201201 (base 3) to base 14.
-a22
101100010010100 (base 2) to base 16
5894
What is 2505 (base 6) in base 4?
21221
Convert -2334 (base 14) to base 3.
-22101202
Convert -d3d4 (base 15) to base 2.
-1010111011001101
Convert 2240 (base 7) to base 11.
679
What is 37a (base 11) in base 7?
1212
-1628 (base 16) to base 14
-20d2
Convert -13 (base 11) to base 4.
-32
What is -3658 (base 10) in base 16?
-e4a
8a3 (base 12) to base 16
4fb
What is 1226 (base 7) in base 6?
2045
Convert -622 (base 14) to base 3.
-1122200
What is 2824 (base 10) in base 16?
b08
What is -b2b (base 13) in base 6?
-12440
1010 (base 8) to base 5
4040
What is -21613 (base 8) in base 13?
-41ac
53405 (base 6) to base 8
16155
What is 1889 (base 10) in base 13?
b24
Convert -15013 (base 6) to base 15.
-a90
-36a (base 16) to base 10
-874
15237 (base 8) to base 4
1222133
1250a (base 12) to base 8
60532
What is 10d5c (base 14) in base 9?
62266
72a4 (base 13) to base 8
36753
-4058 (base 10) to base 3
-12120022
2209 (base 13) to base 12
28b1
Convert 30103 (base 6) to base 2.
111101010111
What is -310 (base 16) in base 15?
-374
Convert -1110000011010 (base 2) to base 7.
-26655
-1020 (base 5) to base 11
-113
What is -343 (base 5) in base 2?
-1100010
Convert -220215 (base 6) to base 4.
-10130303
-3995 (base 14) to base 8
-23617
-801 (base 9) to base 6
-3001
Convert 25595 (base 10) to base 13.
b85b
-617 (base 10) to base 7
-1541
Convert -14900 (base 11) to base 14.
-795c
Convert -2333 (base 6) to base 13.
-342
-5995 (base 10) to base 5
-142440
Convert -8074 (base 12) to base 4.
-3121120
Convert -111100010101 (base 2) to base 4.
-330111
What is a87 (base 12) in base 11?
1183
What is 32223 (base 4) in base 12?
663
What is -413 (base 9) in base 10?
-336
Convert -6076 (base 9) to base 14.
-1895
What is -1035 (base 11) in base 12?
-961
-20011002 (base 3) to base 2
-1000110000100
-412 (base 10) to base 14
-216
Convert 1011011 (base 3) to base 6.
3521
What is -3301 (base 6) in base 7?
-2131
Convert -2a69 (base 13) to base 16.
-181b
Convert 4370 (base 8) to base 15.
a31
What is 13120 (base 4) in base 7?
1243
Convert -22300 (base 6) to base 2.
-110000111100
23523 (base 6) to base 8
6553
70717 (base 8) to base 7
150641
Convert 1325121 (base 6) to base 3.
1